{"id":352,"date":"2020-12-14T11:58:29","date_gmt":"2020-12-14T10:58:29","guid":{"rendered":"http:\/\/buczkowski.eu\/?page_id=352"},"modified":"2020-12-14T11:58:29","modified_gmt":"2020-12-14T10:58:29","slug":"bio-i-kontakt","status":"publish","type":"page","link":"https:\/\/buczkowski.ovh\/?page_id=352","title":{"rendered":"Bio i kontakt"},"content":{"rendered":"<h2>Cz\u0142owiek &#8211; istota spo\u0142eczna<\/h2>\n<p>W centrum moich zainteresowa\u0144 jest cz\u0142owiek jako istota spo\u0142eczna, a dok\u0142adniej jego zachowania, postawy i \u017cyciowe wybory, zw\u0142aszcza w kontek\u015bcie szans i zagro\u017ce\u0144 kreowanych przez \u015bwiat cyfrowy i nowe media (internetowe). Analizuj\u0119 i wyja\u015bniam kwestie zwi\u0105zane z rozwojem osobistym, poprzez pokazywanie pu\u0142apek wynikaj\u0105cych ze zbyt du\u017cej ufno\u015bci wobec tych, kt\u00f3rzy bezkrytycznie snuj\u0105 wizje typu: &#8222;mo\u017cesz wszystko&#8221; czy &#8222;sky is the limit&#8221;.\u00a0 Wierz\u0119 oczywi\u015bcie w moc pracy nad sob\u0105 i pot\u0119g\u0119 do\u015bwiadczenia (rola &#8222;czystej&#8221; wiedzy, dynamicznie ewoluuje za spraw\u0105 AI), ale niestety nie ka\u017cdy jest w stanie osi\u0105gn\u0105\u0107 co tylko sobie wymarzy &#8211; kluczowa jest samo\u015bwiadomo\u015b\u0107 swoich ogranicze\u0144 i trud\u00f3w codziennej pracy (oraz losowo\u015bci szcz\u0119\u015bcia i dziedziczno\u015bci potencja\u0142u :). Ponadto od pocz\u0105tku mojej kariery zawodowo-naukowej fascynuje mnie spo\u0142ecze\u0144stwo informacyjne i rola nowoczesnych technologii w naszym \u017cyciu. Ostatnie lata to ogromny wp\u0142yw manipulacji informacj\u0105 i kontekstem (fakenews) i sk\u0142onno\u015bci poszczeg\u00f3lnych grup interes\u00f3w (\u015brodowisk) do dezinformacji w sieci Internet. Teksty perswazyjne to ju\u017c nasza codzienno\u015b\u0107, dlatego nale\u017cy edukowa\u0107 i u\u015bwiadamia\u0107, \u017ce krytyczne my\u015blenie jest swoist\u0105 tarcz\u0105 ochronn\u0105 przed &#8222;prawie prawdziwym&#8221;.\u00a0<\/p>\n<p>Obserwuj\u0105c \u015bwiat wok\u00f3\u0142, zdecydowa\u0142em, \u017ce ju\u017c czas na zaistnienie w sieci w bardzo osobistej, ale jednakowo\u017c zawodowej ods\u0142onie, kt\u00f3ra nie tylko wyeksponuje pewien obszar zainteresowa\u0144, ale tak\u017ce b\u0119dzie okazj\u0105 do kolejnych wyzwa\u0144 i promocji wiedzy. Dzi\u0119ki temu mam nadziej\u0119 rozwin\u0105\u0107 m.in. projekt<a href=\"http:\/\/buczkowski.eu\/?page_id=544\"> PRAWIE PRAWDZIWE<\/a>, maj\u0105cy wesprze\u0107 starania o budowanie \u015bwiadomego u\u017cytkownika Internetu (social medi\u00f3w) i walki o prawdziw\u0105 informacj\u0119, bo jak pokazuje \u017cycie, cz\u0119sto od informacji i jej p\u00f3\u017aniejszego wykorzystania mo\u017ce wiele zale\u017ce\u0107, np. nasze zdrowie lub \u017cycie (pandemia\/COVID-19), nie wspominaj\u0105c o kwestiach finansowych (b\u0142\u0119dne decyzje biznesowe) czy politycznych (demokracja przegra z autorytaryzmem w owczej sk\u00f3rze). W ramach pilota\u017cowego projektu w roku 2023 przeprowadzi\u0142em cykliczne spotkania warsztatowe z seniorami (Uniwersytet Trzeciego Wieku &#8211; <a href=\"https:\/\/sniie.pl\/\">https:\/\/sniie.pl\/<\/a> ) w przyjaznych salach Towarzystwa Naukowego P\u0142ockiego (<a href=\"http:\/\/www.tnp.org.pl\">www.tnp.org.pl<\/a>) oraz w autorskiej przestrzeni edukacyjnej pn. Strefa Edukacji Medialnej.\u00a0<\/p>\n<h2>Praktyk i wyk\u0142adowca<\/h2>\n<p>Od dwudziestu lat jestem zwi\u0105zany ze \u015bwiatem nauki, zar\u00f3wno publikuj\u0105c wyniki swych bada\u0144, jak i edukuj\u0105c student\u00f3w z zakresu socjologii, socjologii mobilno\u015bci (przez wiele lat prowadzi\u0142em aktywno\u015b\u0107 zawi\u0105zan\u0105 z zarz\u0105dzaniem mobilno\u015bci\u0105 miejsk\u0105 na: www.multimodalny.pl), zarz\u0105dzania zmianami, przyw\u00f3dztwa, zarz\u0105dzania kadrami, rozwoju zawodowego i osobistego, czy wykorzystania nowych technologii w ramach koncepcji Smart-City, ze szczeg\u00f3lnym uwzgl\u0119dnieniem Internetu. Ponadto od kilkunastu lat zarz\u0105dzam mniejszymi i wi\u0119kszymi zespo\u0142ami ludzi. Bardzo ceni\u0119 sobie kilkuletni\u0105 wsp\u00f3\u0142prac\u0119 z ONZ-owsk\u0105 agend\u0105 UNITAR &#8211; Instytutu ds. Szkole\u0144 i Bada\u0144, w ramach kt\u00f3rej kierowa\u0142em polskim przedstawicielstwem sieci o\u015brodk\u00f3w szkoleniowych CIFAL, oraz pracuj\u0105c w ramach grupy ekspert\u00f3w skupionych wok\u00f3\u0142 ONZ w ramach genewskiej inicjatywy U4SSC, czyli United for Smart Sustainable Cities, zorganizowanej przez UNECE (United Nations Economic Commission for Europe) i ITU (International Telecommunication Union).<\/p>\n<p>Doktorat z socjologii obroni\u0142em na UKSW w Warszawie, wcze\u015bniej ko\u0144cz\u0105c studia z zakresu zarz\u0105dzania (MBA\/Ko\u017ami\u0144ski), ekonomii oraz informatyki (Politechnika Warszawska), a w tzw. mi\u0119dzyczasie uczestnicz\u0105c i prowadz\u0105c dziesi\u0105tki szkole\u0144 z zarz\u0105dzania projektami, wdra\u017cania zmian, cyfryzacji polskich samorz\u0105d\u00f3w, aktywizacji zawodowej, uzale\u017cnienia od serwis\u00f3w spo\u0142eczno\u015bciowych czy bezpiecze\u0144stwa w sieci i wiele innych.<\/p>\n<p>Profil zawodowy na LinkedIn <a href=\"https:\/\/www.linkedin.com\/in\/krzysztof-buczkowski-ph-d-020a4bb9\/\">https:\/\/www.linkedin.com\/in\/krzysztof-buczkowski-ph-d-020a4bb9\/<\/a><\/p>\n<p>We wszelkich sprawach dotycz\u0105cych ewentualnej wsp\u00f3\u0142pracy prosz\u0119 o kontakt mailowy:<br \/>systemy (at) tlen.pl<\/p>\n<p>dr Krzysztof Buczkowski<\/p>\n\n\n<p><\/p>\n","protected":false},"excerpt":{"rendered":"<p>Cz\u0142owiek &#8211; istota spo\u0142eczna W centrum moich zainteresowa\u0144 jest cz\u0142owiek jako istota spo\u0142eczna, a dok\u0142adniej jego zachowania, postawy i \u017cyciowe wybory, zw\u0142aszcza w kontek\u015bcie szans i zagro\u017ce\u0144 kreowanych przez \u015bwiat cyfrowy i nowe media (internetowe). Analizuj\u0119 i wyja\u015bniam kwestie zwi\u0105zane z rozwojem osobistym, poprzez pokazywanie pu\u0142apek wynikaj\u0105cych ze zbyt du\u017cej ufno\u015bci wobec tych, kt\u00f3rzy bezkrytycznie&hellip;<\/p>\n<p class=\"more-link\"><a href=\"https:\/\/buczkowski.ovh\/?page_id=352\" class=\"themebutton2\">Read More<\/a><\/p>\n","protected":false},"author":2,"featured_media":0,"parent":0,"menu_order":0,"comment_status":"closed","ping_status":"closed","template":"","meta":{"footnotes":""},"class_list":["post-352","page","type-page","status-publish","hentry"],"_links":{"self":[{"href":"https:\/\/buczkowski.ovh\/index.php?rest_route=\/wp\/v2\/pages\/352","targetHints":{"allow":["GET"]}}],"collection":[{"href":"https:\/\/buczkowski.ovh\/index.php?rest_route=\/wp\/v2\/pages"}],"about":[{"href":"https:\/\/buczkowski.ovh\/index.php?rest_route=\/wp\/v2\/types\/page"}],"author":[{"embeddable":true,"href":"https:\/\/buczkowski.ovh\/index.php?rest_route=\/wp\/v2\/users\/2"}],"replies":[{"embeddable":true,"href":"https:\/\/buczkowski.ovh\/index.php?rest_route=%2Fwp%2Fv2%2Fcomments&post=352"}],"version-history":[{"count":0,"href":"https:\/\/buczkowski.ovh\/index.php?rest_route=\/wp\/v2\/pages\/352\/revisions"}],"wp:attachment":[{"href":"https:\/\/buczkowski.ovh\/index.php?rest_route=%2Fwp%2Fv2%2Fmedia&parent=352"}],"curies":[{"name":"wp","href":"https:\/\/api.w.org\/{rel}","templated":true}]}}

<h2>Człowiek &#8211; istota społeczna</h2>
<p>W centrum moich zainteresowań jest człowiek jako istota społeczna, a dokładniej jego zachowania, postawy i życiowe wybory, zwłaszcza w kontekście szans i zagrożeń kreowanych przez świat cyfrowy i nowe media (internetowe). Analizuję i wyjaśniam kwestie związane z rozwojem osobistym, poprzez pokazywanie pułapek wynikających ze zbyt dużej ufności wobec tych, którzy bezkrytycznie snują wizje typu: &#8222;możesz wszystko&#8221; czy &#8222;sky is the limit&#8221;.  Wierzę oczywiście w moc pracy nad sobą i potęgę doświadczenia (rola &#8222;czystej&#8221; wiedzy, dynamicznie ewoluuje za sprawą AI), ale niestety nie każdy jest w stanie osiągnąć co tylko sobie wymarzy &#8211; kluczowa jest samoświadomość swoich ograniczeń i trudów codziennej pracy (oraz losowości szczęścia i dziedziczności potencjału :). Ponadto od początku mojej kariery zawodowo-naukowej fascynuje mnie społeczeństwo informacyjne i rola nowoczesnych technologii w naszym życiu. Ostatnie lata to ogromny wpływ manipulacji informacją i kontekstem (fakenews) i skłonności poszczególnych grup interesów (środowisk) do dezinformacji w sieci Internet. Teksty perswazyjne to już nasza codzienność, dlatego należy edukować i uświadamiać, że krytyczne myślenie jest swoistą tarczą ochronną przed &#8222;prawie prawdziwym&#8221;. </p>
<p>Obserwując świat wokół, zdecydowałem, że już czas na zaistnienie w sieci w bardzo osobistej, ale jednakowoż zawodowej odsłonie, która nie tylko wyeksponuje pewien obszar zainteresowań, ale także będzie okazją do kolejnych wyzwań i promocji wiedzy. Dzięki temu mam nadzieję rozwinąć m.in. projekt<a href="http://buczkowski.eu/?page_id=544"> PRAWIE PRAWDZIWE</a>, mający wesprzeć starania o budowanie świadomego użytkownika Internetu (social mediów) i walki o prawdziwą informację, bo jak pokazuje życie, często od informacji i jej późniejszego wykorzystania może wiele zależeć, np. nasze zdrowie lub życie (pandemia/COVID-19), nie wspominając o kwestiach finansowych (błędne decyzje biznesowe) czy politycznych (demokracja przegra z autorytaryzmem w owczej skórze). W ramach pilotażowego projektu w roku 2023 przeprowadziłem cykliczne spotkania warsztatowe z seniorami (Uniwersytet Trzeciego Wieku &#8211; <a href="https://sniie.pl/">https://sniie.pl/</a> ) w przyjaznych salach Towarzystwa Naukowego Płockiego (<a href="http://www.tnp.org.pl">www.tnp.org.pl</a>) oraz w autorskiej przestrzeni edukacyjnej pn. Strefa Edukacji Medialnej. </p>
<h2>Praktyk i wykładowca</h2>
<p>Od dwudziestu lat jestem związany ze światem nauki, zarówno publikując wyniki swych badań, jak i edukując studentów z zakresu socjologii, socjologii mobilności (przez wiele lat prowadziłem aktywność zawiązaną z zarządzaniem mobilnością miejską na: www.multimodalny.pl), zarządzania zmianami, przywództwa, zarządzania kadrami, rozwoju zawodowego i osobistego, czy wykorzystania nowych technologii w ramach koncepcji Smart-City, ze szczególnym uwzględnieniem Internetu. Ponadto od kilkunastu lat zarządzam mniejszymi i większymi zespołami ludzi. Bardzo cenię sobie kilkuletnią współpracę z ONZ-owską agendą UNITAR &#8211; Instytutu ds. Szkoleń i Badań, w ramach której kierowałem polskim przedstawicielstwem sieci ośrodków szkoleniowych CIFAL, oraz pracując w ramach grupy ekspertów skupionych wokół ONZ w ramach genewskiej inicjatywy U4SSC, czyli United for Smart Sustainable Cities, zorganizowanej przez UNECE (United Nations Economic Commission for Europe) i ITU (International Telecommunication Union).</p>
<p>Doktorat z socjologii obroniłem na UKSW w Warszawie, wcześniej kończąc studia z zakresu zarządzania (MBA/Koźmiński), ekonomii oraz informatyki (Politechnika Warszawska), a w tzw. międzyczasie uczestnicząc i prowadząc dziesiątki szkoleń z zarządzania projektami, wdrażania zmian, cyfryzacji polskich samorządów, aktywizacji zawodowej, uzależnienia od serwisów społecznościowych czy bezpieczeństwa w sieci i wiele innych.</p>
<p>Profil zawodowy na LinkedIn <a href="https://www.linkedin.com/in/krzysztof-buczkowski-ph-d-020a4bb9/">https://www.linkedin.com/in/krzysztof-buczkowski-ph-d-020a4bb9/</a></p>
<p>We wszelkich sprawach dotyczących ewentualnej współpracy proszę o kontakt mailowy:<br />systemy (at) tlen.pl</p>
<p>dr Krzysztof Buczkowski</p>


<p></p>

<p>Człowiek &#8211; istota społeczna W centrum moich zainteresowań jest człowiek jako istota społeczna, a dokładniej jego zachowania, postawy i życiowe wybory, zwłaszcza w kontekście szans i zagrożeń kreowanych przez świat cyfrowy i nowe media (internetowe). Analizuję i wyjaśniam kwestie związane z rozwojem osobistym, poprzez pokazywanie pułapek wynikających ze zbyt dużej ufności wobec tych, którzy bezkrytycznie&hellip;</p>
<p class="more-link"><a href="https://buczkowski.ovh/?page_id=352" class="themebutton2">Read More</a></p>
