{"id":350,"date":"2020-12-14T11:56:25","date_gmt":"2020-12-14T10:56:25","guid":{"rendered":"http:\/\/buczkowski.eu\/?page_id=350"},"modified":"2020-12-14T11:56:25","modified_gmt":"2020-12-14T10:56:25","slug":"smart-enough-blog","status":"publish","type":"page","link":"https:\/\/buczkowski.ovh\/?page_id=350","title":{"rendered":"BLOG"},"content":{"rendered":"<p>Ka\u017cdy z nas jest inny! To truizm lub jak powiedzia\u0142by wsp\u00f3\u0142czesny klasyk \u201eoczywista oczywisto\u015b\u0107\u201d. Zgoda, ale jak wa\u017cne jest to stwierdzenie, przekonujemy si\u0119 codziennie w naszym \u017cyciu, zar\u00f3wno tym rzeczywistym, ale coraz cz\u0119\u015bciej tak\u017ce tym cyfrowym. Pod poj\u0119ciem inno\u015bci kryje si\u0119 kluczowa dla jako\u015bci \u017cycia \u2013 tolerancja prawa ka\u017cdego z nas do innego postrzegania \u015bwiata. Z tego prawa, na nasze nieszcz\u0119\u015bcie, cz\u0119\u015b\u0107 u\u017cytkownik\u00f3w wirtualnych platform spo\u0142eczno\u015bciowych korzysta w spos\u00f3b niew\u0142a\u015bciwy. Z mojej perspektywy rodzica, socjologa, nauczyciela akademickiego i menad\u017cera, coraz gro\u017aniejsze i niemal powszechne jest zjawisko dezinformacji.<\/p>\n<p>Wspomniana powszechno\u015b\u0107 sprawia, \u017ce \u201efake newsy\u201d padaj\u0105 ju\u017c nawet z ust najwa\u017cniejszych os\u00f3b w pa\u0144stwach, wydawa\u0142oby si\u0119 demokratycznych o dojrza\u0142ej kulturze politycznej. M\u00f3wi\u0105c wprost prezydenci i premierzy na pot\u0119g\u0119 fa\u0142szuj\u0105 przekaz, zaciemniaj\u0105 obraz lub koloryzuj\u0105. Ukuto nawet termin pr\u00f3buj\u0105cy oswaja\u0107 k\u0142amstwo, czyli w powa\u017cnych analizach i publikacjach m\u00f3wi si\u0119 o \u201epost-prawdzie\u201d, a w mojej ocenie (z lekkim sarkazmem \ud83d\ude09 jest to najwy\u017cej \u201eprawda \u017cyczeniowa\u201d, czyli \u201eprawie-bohaterowie\u201d \u017cyczyliby sobie, by w\u0142a\u015bnie tak wygl\u0105da\u0142a rzeczywisto\u015b\u0107 lub mo\u017ce nawet niekiedy w swej ignorancji lub niewiedzy, s\u0105 przekonani, \u017ce tak jest faktycznie.<\/p>\n<p>Niemniej szkody, kt\u00f3re wyrz\u0105dzaj\u0105 w ten spos\u00f3b s\u0105 ogromne i co najgorsze namacalne i przeliczalne poniewa\u017c inicjuj\u0105 szereg kolejnych zjawisk spo\u0142ecznych, g\u0142\u00f3wnie komunikacyjno-interpretacyjnych. Jest przecie\u017c regu\u0142\u0105, \u017ce po podaniu takiej \u201ezmanipulowanej\u201d, najcz\u0119\u015bciej intencjonalnie, wiadomo\u015bci rozpoczyna si\u0119 chocholi taniec dziennikarzy, ekspert\u00f3w, celebryt\u00f3w, internetowych trolli, a na ko\u0144cu zwyk\u0142ych zdezorientowanych obywateli tej sieciowej spo\u0142eczno\u015bci. Jedni s\u0105 ZA a inni wyra\u017anie przeciw. Padaj\u0105 mniej lub bardziej udane kontrargumenty. W ten spos\u00f3b mamy otwartych setki i tysi\u0105ce konflikt\u00f3w i dyskusji. Padaj\u0105 oskar\u017cenia. Trwa wojna informacyjna.<\/p>\n<p>Nie przy\u0142\u0105czaj si\u0119! Nie obserwuj! Szanuj sw\u00f3j czas!<\/p>\n<p><strong>B\u0105d\u017a wystarczaj\u0105co sprytny! Be smart enough!<\/strong><\/p>\n<p style=\"text-align: right;\">K. Buczkowski<\/p>\n","protected":false},"excerpt":{"rendered":"<p>Ka\u017cdy z nas jest inny! To truizm lub jak powiedzia\u0142by wsp\u00f3\u0142czesny klasyk \u201eoczywista oczywisto\u015b\u0107\u201d. Zgoda, ale jak wa\u017cne jest to stwierdzenie, przekonujemy si\u0119 codziennie w naszym \u017cyciu, zar\u00f3wno tym rzeczywistym, ale coraz cz\u0119\u015bciej tak\u017ce tym cyfrowym. Pod poj\u0119ciem inno\u015bci kryje si\u0119 kluczowa dla jako\u015bci \u017cycia \u2013 tolerancja prawa ka\u017cdego z nas do innego postrzegania \u015bwiata.&hellip;<\/p>\n<p class=\"more-link\"><a href=\"https:\/\/buczkowski.ovh\/?page_id=350\" class=\"themebutton2\">Read More<\/a><\/p>\n","protected":false},"author":2,"featured_media":0,"parent":0,"menu_order":0,"comment_status":"closed","ping_status":"closed","template":"","meta":{"footnotes":""},"class_list":["post-350","page","type-page","status-publish","hentry"],"_links":{"self":[{"href":"https:\/\/buczkowski.ovh\/index.php?rest_route=\/wp\/v2\/pages\/350","targetHints":{"allow":["GET"]}}],"collection":[{"href":"https:\/\/buczkowski.ovh\/index.php?rest_route=\/wp\/v2\/pages"}],"about":[{"href":"https:\/\/buczkowski.ovh\/index.php?rest_route=\/wp\/v2\/types\/page"}],"author":[{"embeddable":true,"href":"https:\/\/buczkowski.ovh\/index.php?rest_route=\/wp\/v2\/users\/2"}],"replies":[{"embeddable":true,"href":"https:\/\/buczkowski.ovh\/index.php?rest_route=%2Fwp%2Fv2%2Fcomments&post=350"}],"version-history":[{"count":0,"href":"https:\/\/buczkowski.ovh\/index.php?rest_route=\/wp\/v2\/pages\/350\/revisions"}],"wp:attachment":[{"href":"https:\/\/buczkowski.ovh\/index.php?rest_route=%2Fwp%2Fv2%2Fmedia&parent=350"}],"curies":[{"name":"wp","href":"https:\/\/api.w.org\/{rel}","templated":true}]}}

<p>Każdy z nas jest inny! To truizm lub jak powiedziałby współczesny klasyk „oczywista oczywistość”. Zgoda, ale jak ważne jest to stwierdzenie, przekonujemy się codziennie w naszym życiu, zarówno tym rzeczywistym, ale coraz częściej także tym cyfrowym. Pod pojęciem inności kryje się kluczowa dla jakości życia – tolerancja prawa każdego z nas do innego postrzegania świata. Z tego prawa, na nasze nieszczęście, część użytkowników wirtualnych platform społecznościowych korzysta w sposób niewłaściwy. Z mojej perspektywy rodzica, socjologa, nauczyciela akademickiego i menadżera, coraz groźniejsze i niemal powszechne jest zjawisko dezinformacji.</p>
<p>Wspomniana powszechność sprawia, że „fake newsy” padają już nawet z ust najważniejszych osób w państwach, wydawałoby się demokratycznych o dojrzałej kulturze politycznej. Mówiąc wprost prezydenci i premierzy na potęgę fałszują przekaz, zaciemniają obraz lub koloryzują. Ukuto nawet termin próbujący oswajać kłamstwo, czyli w poważnych analizach i publikacjach mówi się o „post-prawdzie”, a w mojej ocenie (z lekkim sarkazmem 😉 jest to najwyżej „prawda życzeniowa”, czyli „prawie-bohaterowie” życzyliby sobie, by właśnie tak wyglądała rzeczywistość lub może nawet niekiedy w swej ignorancji lub niewiedzy, są przekonani, że tak jest faktycznie.</p>
<p>Niemniej szkody, które wyrządzają w ten sposób są ogromne i co najgorsze namacalne i przeliczalne ponieważ inicjują szereg kolejnych zjawisk społecznych, głównie komunikacyjno-interpretacyjnych. Jest przecież regułą, że po podaniu takiej „zmanipulowanej”, najczęściej intencjonalnie, wiadomości rozpoczyna się chocholi taniec dziennikarzy, ekspertów, celebrytów, internetowych trolli, a na końcu zwykłych zdezorientowanych obywateli tej sieciowej społeczności. Jedni są ZA a inni wyraźnie przeciw. Padają mniej lub bardziej udane kontrargumenty. W ten sposób mamy otwartych setki i tysiące konfliktów i dyskusji. Padają oskarżenia. Trwa wojna informacyjna.</p>
<p>Nie przyłączaj się! Nie obserwuj! Szanuj swój czas!</p>
<p><strong>Bądź wystarczająco sprytny! Be smart enough!</strong></p>
<p style="text-align: right;">K. Buczkowski</p>

<p>Każdy z nas jest inny! To truizm lub jak powiedziałby współczesny klasyk „oczywista oczywistość”. Zgoda, ale jak ważne jest to stwierdzenie, przekonujemy się codziennie w naszym życiu, zarówno tym rzeczywistym, ale coraz częściej także tym cyfrowym. Pod pojęciem inności kryje się kluczowa dla jakości życia – tolerancja prawa każdego z nas do innego postrzegania świata.&hellip;</p>
<p class="more-link"><a href="https://buczkowski.ovh/?page_id=350" class="themebutton2">Read More</a></p>
