{"id":176,"date":"2015-05-02T19:18:18","date_gmt":"2015-05-02T17:18:18","guid":{"rendered":"http:\/\/infopartner.masternet.pl\/blog\/?page_id=176"},"modified":"2015-05-02T19:18:18","modified_gmt":"2015-05-02T17:18:18","slug":"smart","status":"publish","type":"page","link":"https:\/\/buczkowski.ovh\/?page_id=176","title":{"rendered":"Edukacja medialna"},"content":{"rendered":"<h2><strong>Wci\u0105gaj\u0105cy \u015bwiat cyfrowej informacji<\/strong><\/h2>\n<p>Ca\u0142y czas jeste\u015b online &#8230; nie tylko w mediach spo\u0142eczno\u015bciowych! Ogl\u0105dasz zdj\u0119cia, czytasz g\u0142\u00f3wnie nag\u0142\u00f3wki, zapowiedzi, a niekiedy ca\u0142e artyku\u0142y. Ogl\u0105dasz filmy, zar\u00f3wno te kr\u00f3tsze jak i te d\u0142u\u017csze, czasami szukasz rozrywki graficznej (memy) lub muzycznej (tiktoki). Wszyscy staraj\u0105 si\u0119 opowiedzie\u0107 swoje historie i wci\u0105gn\u0105\u0107 Ci\u0119 w sw\u00f3j \u015bwiat. Niestety nie wszystkie wiadomo\u015bci i opowie\u015bci s\u0105 prawdziwe&#8230; co wtedy? Wi\u0119kszo\u015b\u0107 z nich jest prawie prawdziwa, a jak wiemy &#8222;prawie&#8221; robi wielk\u0105 r\u00f3\u017cnic\u0119 \ud83d\ude42 Czy naprawd\u0119 chcesz budowa\u0107 swoje opinie, postawy, a docelowo warto\u015bci na k\u0142amstwach? Mo\u017ce najwy\u017cszy czas zacz\u0105\u0107 by\u0107 wra\u017cliwym na fake-newsy i dezinformacj\u0119.<\/p>\n<p>Coraz cz\u0119\u015bciej informacje s\u0105 \u201euatrakcyjniane\u201d (koloryzowane lub perfidnie zafa\u0142szowywane) bo ich tw\u00f3rcy chc\u0105, aby\u015b po prostu klikn\u0105\u0142 w kolejne linki (\u0142\u0105cza) lub reklamy na odwiedzanej stronie internetowej. Niestety \u201efa\u0142szywki\u201d coraz cz\u0119\u015bciej tworzone s\u0105 z powod\u00f3w czysto biznesowych, w tym politycznych (wszak polityka to ideologia plus biznes), np. by zdeprecjonowa\u0107 (umniejszy\u0107) lub przewarto\u015bciowa\u0107 okre\u015blone osoby, wydarzenia lub produkty i us\u0142ugi. Je\u015bli chodzi tylko o rozrywk\u0119 to nie ma problemu, ale je\u015bli ju\u017c fa\u0142sz wp\u0142ywa na Twoje decyzje \u017cyciowe i zachowania w obszarze zdrowia?<\/p>\n<p>W dzisiejszych czasach tworzenie i udost\u0119pnianie wiadomo\u015bci jest bardzo \u0142atwe. Nowe historie zalewaj\u0105 sie\u0107 i ka\u017cde popularne medium. O\u015brodki naukowe z ca\u0142ego o\u015bwiata ostrzegaj\u0105, \u017ce fake-news maj\u0105 coraz wi\u0119kszy udzia\u0142 w cyfrowym rynku, a dezinformacja staje si\u0119 realnym zagro\u017ceniem w wielu obszarach naszego \u017cycia \u2013 wp\u0142ywa na nasze osobiste wybory, a w konsekwencji kszta\u0142tuje nasze postawy i warto\u015bci.<\/p>\n<p style=\"text-align: center;\"><strong>Najwa\u017cniejsza wskaz\u00f3wka to: b\u0105d\u017a wystarczaj\u0105co krytyczny by nie da\u0107 si\u0119 oszuka\u0107, a w tym pomo\u017ce Ci wiedza o funkcjonowaniu medi\u00f3w, \u015bwiadomo\u015b\u0107 informacyjna oraz nauka nawyku krytycznego my\u015blenia wobec tego co serwuj\u0105 media, g\u0142\u00f3wnie internetowe!<\/strong><\/p>\n<h2>Wolno\u015b\u0107 to prawo do prawdy<\/h2>\n<p>Ka\u017cdy z nas jest inny! To truizm lub jak powiedzia\u0142by wsp\u00f3\u0142czesny klasyk \u201eoczywista oczywisto\u015b\u0107\u201d. Zgoda, ale jak wa\u017cne jest to stwierdzenie, przekonujemy si\u0119 codziennie w naszym \u017cyciu, zar\u00f3wno tym rzeczywistym, ale coraz cz\u0119\u015bciej tak\u017ce tym cyfrowym. Pod poj\u0119ciem inno\u015bci kryje si\u0119 kluczowa dla jako\u015bci \u017cycia \u2013 tolerancja prawa ka\u017cdego z nas do innego postrzegania \u015bwiata. Z tego prawa, na nasze nieszcz\u0119\u015bcie, cz\u0119\u015b\u0107 u\u017cytkownik\u00f3w wirtualnych platform spo\u0142eczno\u015bciowych korzysta w spos\u00f3b niew\u0142a\u015bciwy. Z mojej perspektywy rodzica, socjologa, nauczyciela akademickiego i menad\u017cera, coraz gro\u017aniejsze i niemal powszechne jest zjawisko dezinformacji. Informacje &#8222;prawie prawdziwe&#8221; kszta\u0142tuj\u0105 Homo Interneticusa, szczeg\u00f3lnie m\u0142odego &#8211; \u015bwietnie pos\u0142uguj\u0105cego si\u0119 technologi\u0105, ale z deficytami spo\u0142ecznymi.<\/p>\n<p>Szkody, kt\u00f3re wyrz\u0105dza dezinformacja s\u0105 ogromne i co najgorsze namacalne i przeliczalne, poniewa\u017c inicjuj\u0105 szereg kolejnych zjawisk spo\u0142ecznych, g\u0142\u00f3wnie komunikacyjno-interpretacyjnych. Jest przecie\u017c regu\u0142\u0105, \u017ce po podaniu takiej \u201ezmanipulowanej\u201d, najcz\u0119\u015bciej intencjonalnie, wiadomo\u015bci rozpoczyna si\u0119 chocholi taniec dziennikarzy, ekspert\u00f3w, celebryt\u00f3w, internetowych trolli, a na ko\u0144cu zwyk\u0142ych zdezorientowanych obywateli tej sieciowej spo\u0142eczno\u015bci. Jedni s\u0105 ZA a inni wyra\u017anie przeciw. Padaj\u0105 mniej lub bardziej udane kontrargumenty. W ten spos\u00f3b mamy otwartych setki i tysi\u0105ce konflikt\u00f3w i dyskusji. Padaj\u0105 oskar\u017cenia. Trwa wojna informacyjna. Nie wzmacniaj szkodliwego szumu informacyjnego! Nie udost\u0119pniaj informacji, kt\u00f3re s\u0105 &#8222;prawie prawdziwe&#8221;. Szanuj sw\u00f3j czas i czas innych!<\/p>\n<h2>Sytuacja permanentnie wyj\u0105tkowa<\/h2>\n<p>Ostatnie lata to ci\u0105g\u0142y kryzys. Do globalnego kryzysu pandemicznego do\u0142\u0105czy\u0142 konflikt zbrojny w naszej cz\u0119\u015bci Europy. Dodatkowo kryzys zaufania do informacji oraz pe\u0142zaj\u0105cy kryzys autorytet\u00f3w. Ka\u017cdy kryzys narzuca dodatkowe ograniczenia i pi\u0119trzy problemy. Technologia sprawi\u0142a, \u017ce Internet, na czele z mediami spo\u0142eczno\u015bciowymi zaczyna by\u0107 lekiem na ca\u0142e z\u0142o, swoist\u0105 ucieczk\u0105 od problem\u00f3w. Niestety sam staje si\u0119 problemem. Uzale\u017cnieniem i k\u0142amstwem, np. pozor\u00f3w idealnego \u017cycia na Instagramie czy FB. Spo\u0142ecze\u0144stwo zaczyna sp\u0119dza\u0107 w sieci coraz wi\u0119cej czasu. Szczeg\u00f3lnie m\u0142odzi ludzie nie umiej\u0105 \u017cy\u0107 bez poczucia bycia on-line. Zaczynaj\u0105 zaburza\u0107 si\u0119 tradycyjne relacje mi\u0119dzyludzkie. Pojawia si\u0119 cyfrowa samotno\u015b\u0107 i mno\u017c\u0105 przypadki za\u0142ama\u0144 i depresji.<\/p>\n<p>Pewn\u0105 luk\u0119 wype\u0142niaj\u0105 bardzo aktywni obecnie trenerzy rozwoju osobistego (coach budzi ambiwalentne uczucia) lub internetowi psychologowie. Proponuj\u0105 oni mniej lub bardziej kr\u0119te \u015bcie\u017cki samodoskonalenia. Ci pierwsi oferuj\u0105 wielogodzinne kursy i szkolenia, liczne transmisje wprowadzaj\u0105ce do maj\u0105cego ju\u017c za chwil\u0119 nast\u0105pi\u0107 o\u015bwiecenia, a Ci drudzy r\u00f3wnie\u017c bardzo profesjonalnie zach\u0119caj\u0105 do mozolnej pracy nad sob\u0105 i z ich pomoc\u0105 dotarcia do sedna problemu. Zamiennie niezb\u0119dne s\u0105 wtedy mapy drogowe, mapy marze\u0144, a tak\u017ce planery do kalendarzy i harmonogramy do zarz\u0105dzania czasem. Jakie s\u0105 efekty, ka\u017cdy widzi. Zgodnie ze swobodn\u0105 interpretacj\u0105 mojej ulubionej z\u0142otej zasady Pareto, tylko 20 % populacji zauwa\u017cy problem i podejmie si\u0119 wysi\u0142ku g\u0142\u0119bszej analizy tematu, a tym samym sobie, a w kolejnym kroku 20 procent z tych \u015bwiadomych dwudziestu procent trwale skorzysta z pozyskanej wiedzy (ko\u0144cz\u0105c te karko\u0142omne zabawy proporcjami daje nam to tylko ok. 4 procent populacji). Niestety pozostali zadowol\u0105 si\u0119 chwilowym dobrym samopoczuciem wynikaj\u0105cym z samego faktu pos\u0142uchania o tym jak mog\u0142oby by\u0107 fajnie i bogato, ale na tym zako\u0144cz\u0105 zmagania ze swoj\u0105 s\u0142ab\u0105 siln\u0105 wol\u0105.<\/p>\n<h2>Edukacja medialna na ratunek<\/h2>\n<p>Jako praktykuj\u0105cy zwolennik prostych rozwi\u0105za\u0144, czyli nie\u015bmiertelnej wskaz\u00f3wki Alberta Einsteina, \u017ce \u201ewszystko nale\u017cy upraszcza\u0107 jak tylko mo\u017cna, ale nie bardziej\u201d, chcia\u0142bym zaproponowa\u0107 powr\u00f3t do \u017ar\u00f3de\u0142, czyli edukacji, a konkretnie edukacji medialnej. Im wi\u0119cej wiemy na dany temat, tym bardziej \u015bwiadome s\u0105 nasze decyzje w tym obszarze. Zatem im wi\u0119cej b\u0119dziemy wiedzie\u0107 o tym jak funkcjonuj\u0105 wsp\u00f3\u0142czesne media, g\u0142ownie te cyfrowe, tym \u0142atwiej b\u0119dzie nam zbudowa\u0107 indywidualn\u0105 tarcz\u0119 ochronn\u0105, w kt\u00f3rej sta\u0142ym elementem b\u0119dzie krytyczne my\u015blenie &#8211; rozumiane jako umiarkowane niedowierzanie wzmocnione nawykiem weryfikacji, czyli realizm w czystej postaci.<\/p>\n<p style=\"text-align: right;\"><strong>dr Krzysztof Buczkowski<\/strong><\/p>\n<p>ps. Osoby zainteresowane organizacj\u0105 wyk\u0142ad\u00f3w lub warsztat\u00f3w dotycz\u0105cych edukacji medialnej prosz\u0119 o kontakt mailowy ( systemy @ o2.pl )<\/p>\n","protected":false},"excerpt":{"rendered":"<p>Wci\u0105gaj\u0105cy \u015bwiat cyfrowej informacji Ca\u0142y czas jeste\u015b online &#8230; nie tylko w mediach spo\u0142eczno\u015bciowych! Ogl\u0105dasz zdj\u0119cia, czytasz g\u0142\u00f3wnie nag\u0142\u00f3wki, zapowiedzi, a niekiedy ca\u0142e artyku\u0142y. Ogl\u0105dasz filmy, zar\u00f3wno te kr\u00f3tsze jak i te d\u0142u\u017csze, czasami szukasz rozrywki graficznej (memy) lub muzycznej (tiktoki). Wszyscy staraj\u0105 si\u0119 opowiedzie\u0107 swoje historie i wci\u0105gn\u0105\u0107 Ci\u0119 w sw\u00f3j \u015bwiat. Niestety nie&hellip;<\/p>\n<p class=\"more-link\"><a href=\"https:\/\/buczkowski.ovh\/?page_id=176\" class=\"themebutton2\">Read More<\/a><\/p>\n","protected":false},"author":2,"featured_media":0,"parent":0,"menu_order":0,"comment_status":"closed","ping_status":"closed","template":"","meta":{"footnotes":""},"class_list":["post-176","page","type-page","status-publish","hentry"],"_links":{"self":[{"href":"https:\/\/buczkowski.ovh\/index.php?rest_route=\/wp\/v2\/pages\/176","targetHints":{"allow":["GET"]}}],"collection":[{"href":"https:\/\/buczkowski.ovh\/index.php?rest_route=\/wp\/v2\/pages"}],"about":[{"href":"https:\/\/buczkowski.ovh\/index.php?rest_route=\/wp\/v2\/types\/page"}],"author":[{"embeddable":true,"href":"https:\/\/buczkowski.ovh\/index.php?rest_route=\/wp\/v2\/users\/2"}],"replies":[{"embeddable":true,"href":"https:\/\/buczkowski.ovh\/index.php?rest_route=%2Fwp%2Fv2%2Fcomments&post=176"}],"version-history":[{"count":0,"href":"https:\/\/buczkowski.ovh\/index.php?rest_route=\/wp\/v2\/pages\/176\/revisions"}],"wp:attachment":[{"href":"https:\/\/buczkowski.ovh\/index.php?rest_route=%2Fwp%2Fv2%2Fmedia&parent=176"}],"curies":[{"name":"wp","href":"https:\/\/api.w.org\/{rel}","templated":true}]}}

<h2><strong>Wciągający świat cyfrowej informacji</strong></h2>
<p>Cały czas jesteś online &#8230; nie tylko w mediach społecznościowych! Oglądasz zdjęcia, czytasz głównie nagłówki, zapowiedzi, a niekiedy całe artykuły. Oglądasz filmy, zarówno te krótsze jak i te dłuższe, czasami szukasz rozrywki graficznej (memy) lub muzycznej (tiktoki). Wszyscy starają się opowiedzieć swoje historie i wciągnąć Cię w swój świat. Niestety nie wszystkie wiadomości i opowieści są prawdziwe&#8230; co wtedy? Większość z nich jest prawie prawdziwa, a jak wiemy &#8222;prawie&#8221; robi wielką różnicę 🙂 Czy naprawdę chcesz budować swoje opinie, postawy, a docelowo wartości na kłamstwach? Może najwyższy czas zacząć być wrażliwym na fake-newsy i dezinformację.</p>
<p>Coraz częściej informacje są „uatrakcyjniane” (koloryzowane lub perfidnie zafałszowywane) bo ich twórcy chcą, abyś po prostu kliknął w kolejne linki (łącza) lub reklamy na odwiedzanej stronie internetowej. Niestety „fałszywki” coraz częściej tworzone są z powodów czysto biznesowych, w tym politycznych (wszak polityka to ideologia plus biznes), np. by zdeprecjonować (umniejszyć) lub przewartościować określone osoby, wydarzenia lub produkty i usługi. Jeśli chodzi tylko o rozrywkę to nie ma problemu, ale jeśli już fałsz wpływa na Twoje decyzje życiowe i zachowania w obszarze zdrowia?</p>
<p>W dzisiejszych czasach tworzenie i udostępnianie wiadomości jest bardzo łatwe. Nowe historie zalewają sieć i każde popularne medium. Ośrodki naukowe z całego oświata ostrzegają, że fake-news mają coraz większy udział w cyfrowym rynku, a dezinformacja staje się realnym zagrożeniem w wielu obszarach naszego życia – wpływa na nasze osobiste wybory, a w konsekwencji kształtuje nasze postawy i wartości.</p>
<p style="text-align: center;"><strong>Najważniejsza wskazówka to: bądź wystarczająco krytyczny by nie dać się oszukać, a w tym pomoże Ci wiedza o funkcjonowaniu mediów, świadomość informacyjna oraz nauka nawyku krytycznego myślenia wobec tego co serwują media, głównie internetowe!</strong></p>
<h2>Wolność to prawo do prawdy</h2>
<p>Każdy z nas jest inny! To truizm lub jak powiedziałby współczesny klasyk „oczywista oczywistość”. Zgoda, ale jak ważne jest to stwierdzenie, przekonujemy się codziennie w naszym życiu, zarówno tym rzeczywistym, ale coraz częściej także tym cyfrowym. Pod pojęciem inności kryje się kluczowa dla jakości życia – tolerancja prawa każdego z nas do innego postrzegania świata. Z tego prawa, na nasze nieszczęście, część użytkowników wirtualnych platform społecznościowych korzysta w sposób niewłaściwy. Z mojej perspektywy rodzica, socjologa, nauczyciela akademickiego i menadżera, coraz groźniejsze i niemal powszechne jest zjawisko dezinformacji. Informacje &#8222;prawie prawdziwe&#8221; kształtują Homo Interneticusa, szczególnie młodego &#8211; świetnie posługującego się technologią, ale z deficytami społecznymi.</p>
<p>Szkody, które wyrządza dezinformacja są ogromne i co najgorsze namacalne i przeliczalne, ponieważ inicjują szereg kolejnych zjawisk społecznych, głównie komunikacyjno-interpretacyjnych. Jest przecież regułą, że po podaniu takiej „zmanipulowanej”, najczęściej intencjonalnie, wiadomości rozpoczyna się chocholi taniec dziennikarzy, ekspertów, celebrytów, internetowych trolli, a na końcu zwykłych zdezorientowanych obywateli tej sieciowej społeczności. Jedni są ZA a inni wyraźnie przeciw. Padają mniej lub bardziej udane kontrargumenty. W ten sposób mamy otwartych setki i tysiące konfliktów i dyskusji. Padają oskarżenia. Trwa wojna informacyjna. Nie wzmacniaj szkodliwego szumu informacyjnego! Nie udostępniaj informacji, które są &#8222;prawie prawdziwe&#8221;. Szanuj swój czas i czas innych!</p>
<h2>Sytuacja permanentnie wyjątkowa</h2>
<p>Ostatnie lata to ciągły kryzys. Do globalnego kryzysu pandemicznego dołączył konflikt zbrojny w naszej części Europy. Dodatkowo kryzys zaufania do informacji oraz pełzający kryzys autorytetów. Każdy kryzys narzuca dodatkowe ograniczenia i piętrzy problemy. Technologia sprawiła, że Internet, na czele z mediami społecznościowymi zaczyna być lekiem na całe zło, swoistą ucieczką od problemów. Niestety sam staje się problemem. Uzależnieniem i kłamstwem, np. pozorów idealnego życia na Instagramie czy FB. Społeczeństwo zaczyna spędzać w sieci coraz więcej czasu. Szczególnie młodzi ludzie nie umieją żyć bez poczucia bycia on-line. Zaczynają zaburzać się tradycyjne relacje międzyludzkie. Pojawia się cyfrowa samotność i mnożą przypadki załamań i depresji.</p>
<p>Pewną lukę wypełniają bardzo aktywni obecnie trenerzy rozwoju osobistego (coach budzi ambiwalentne uczucia) lub internetowi psychologowie. Proponują oni mniej lub bardziej kręte ścieżki samodoskonalenia. Ci pierwsi oferują wielogodzinne kursy i szkolenia, liczne transmisje wprowadzające do mającego już za chwilę nastąpić oświecenia, a Ci drudzy również bardzo profesjonalnie zachęcają do mozolnej pracy nad sobą i z ich pomocą dotarcia do sedna problemu. Zamiennie niezbędne są wtedy mapy drogowe, mapy marzeń, a także planery do kalendarzy i harmonogramy do zarządzania czasem. Jakie są efekty, każdy widzi. Zgodnie ze swobodną interpretacją mojej ulubionej złotej zasady Pareto, tylko 20 % populacji zauważy problem i podejmie się wysiłku głębszej analizy tematu, a tym samym sobie, a w kolejnym kroku 20 procent z tych świadomych dwudziestu procent trwale skorzysta z pozyskanej wiedzy (kończąc te karkołomne zabawy proporcjami daje nam to tylko ok. 4 procent populacji). Niestety pozostali zadowolą się chwilowym dobrym samopoczuciem wynikającym z samego faktu posłuchania o tym jak mogłoby być fajnie i bogato, ale na tym zakończą zmagania ze swoją słabą silną wolą.</p>
<h2>Edukacja medialna na ratunek</h2>
<p>Jako praktykujący zwolennik prostych rozwiązań, czyli nieśmiertelnej wskazówki Alberta Einsteina, że „wszystko należy upraszczać jak tylko można, ale nie bardziej”, chciałbym zaproponować powrót do źródeł, czyli edukacji, a konkretnie edukacji medialnej. Im więcej wiemy na dany temat, tym bardziej świadome są nasze decyzje w tym obszarze. Zatem im więcej będziemy wiedzieć o tym jak funkcjonują współczesne media, głownie te cyfrowe, tym łatwiej będzie nam zbudować indywidualną tarczę ochronną, w której stałym elementem będzie krytyczne myślenie &#8211; rozumiane jako umiarkowane niedowierzanie wzmocnione nawykiem weryfikacji, czyli realizm w czystej postaci.</p>
<p style="text-align: right;"><strong>dr Krzysztof Buczkowski</strong></p>
<p>ps. Osoby zainteresowane organizacją wykładów lub warsztatów dotyczących edukacji medialnej proszę o kontakt mailowy ( systemy @ o2.pl )</p>

<p>Wciągający świat cyfrowej informacji Cały czas jesteś online &#8230; nie tylko w mediach społecznościowych! Oglądasz zdjęcia, czytasz głównie nagłówki, zapowiedzi, a niekiedy całe artykuły. Oglądasz filmy, zarówno te krótsze jak i te dłuższe, czasami szukasz rozrywki graficznej (memy) lub muzycznej (tiktoki). Wszyscy starają się opowiedzieć swoje historie i wciągnąć Cię w swój świat. Niestety nie&hellip;</p>
<p class="more-link"><a href="https://buczkowski.ovh/?page_id=176" class="themebutton2">Read More</a></p>
